*s**2 + 267*s + 152. What is z(17)?
356
Let d(c) = 3*c**2 + 927*c + 44224. Determine d(-250).
-26
Let x(f) = 236*f**3 + 4956*f**2 - 134*f - 2815. What is x(-21)?
-1
Let d(x) = 2836577*x + 11346302. What is d(-4)?
-6
Let p(h) = -10155*h + 1502941. Determine p(148).
1
Let l(w) = -10*w**3 + 168*w**2 + 318*w - 40. Give l(-2).
76
Let k(p) = -463*p**2 + 87050*p + 159. Determine k(188).
1287
Let f(a) = -19915*a + 537402. Calculate f(27).
-303
Let l(p) = -p**3 + 63*p**2 + 102*p + 1837. Give l(65).
17
Let v(o) = -2625162*o - 36752263. Calculate v(-14).
5
Let u(b) = 27*b - 328. Determine u(28).
428
Let c(q) = -q**2 + 81*q - 414. Calculate c(27).
1044
Let s(i) = 21821*i - 2880375. What is s(132)?
-3
Let r(i) = 588*i + 52861. Determine r(-87).
1705
Let n(w) = 97*w**2 - 26188*w - 396. What is n(270)?
144
Let k(b) = -b**3 + 32*b**2 + 3719*b - 110374. Calculate k(29).
0
Let o(g) = -g**2 - 869*g - 185907. Give o(-488).
21
Let s(p) = -p**2 - 49*p - 304. Give s(-11).
114
Let a(i) = 406*i**3 + 6092*i**2 + 25*i + 12. Calculate a(-15).
87
Let c(i) = 5*i**3 - 58*i**2 + 47*i + 1. Give c(0).
1
Let t(p) = -23*p**2 - 1089*p - 160. Determine t(-47).
216
Let s(o) = -o**2 - 16738*o + 2294871. What is s(136)?
7
Let r(b) = 338812*b + 3726936. What is r(-11)?
4
Let n(j) = 4*j**2 + 129404*j - 647040. Calculate n(5).
80
Let l(m) = 3*m**2 + 355*m + 8796. Calculate l(-83).
-2
Let f(x) = -2*x + 118. Calculate f(-53).
224
Let u(n) = 39*n**2 - 4302*n + 1298. Give u(110).
-22
Let l(z) = 11401*z + 1630357. Calculate l(-143).
14
Let z(q) = 7531*q - 414207. Give z(55).
-2
Let z(n) = 1704*n - 13860. Calculate z(8).
-228
Let z(l) = 9366*l + 477689. Determine z(-51).
23
Let f(a) = a**3 - 207*a**2 + 10072*a - 2084919. What is f(207)?
-15
Let s(r) = r**3 + 37*r**2 + 226*r - 2361. Give s(-21).
-51
Let p(g) = -309*g + 108. Determine p(2).
-510
Let p(m) = -2*m**2 + 660*m + 13661. Calculate p(-19).
399
Let s(d) = 4618*d + 27725. Give s(-6).
17
Let b(f) = -2*f**3 + 77*f**2 - 117*f + 321. Give b(37).
99
Let g(s) = -521*s - 45730. Determine g(-88).
118
Let d(n) = 684887*n**2 + 10273306*n + 9. Give d(-15).
-6
Let g(c) = -6*c**2 + 10*c + 7904. Determine g(37).
60
Let m(p) = -3108*p + 9166. Give m(3).
-158
Let v(a) = a**3 - 231*a**2 - 1894*a + 1091. What is v(239)?
5393
Let b(u) = -13*u**2 + 136*u - 585. Give b(13).
-1014
Let l(m) = -m**3 + 32*m**2 - 114*m + 2141. Calculate l(31).
-432
Let z(t) = -57*t**2 + 138*t - 6. Determine z(2).
42
Let d(y) = -8376*y - 192583. Give d(-23).
65
Let n(x) = -5*x**3 - 114*x**2 + 137*x + 2672. What is n(-23)?
50
Let d(v) = -v**3 - 35*v**2 + 188*v - 763. What is d(-40)?
-283
Let w(b) = 305*b**2 + 1513*b - 60. Calculate w(-5).
0
Let y(r) = r**3 + 10*r**2 - 253*r - 2903. Give y(-13).
-121
Let o(f) = -3*f**3 - 11*f + 1318. Calculate o(0).
1318
Let j(g) = -2*g**3 + 29*g**2 + 7775*g - 123632. Calculate j(16).
0
Let g(h) = 554*h + 6339. Determine g(-11).
245
Let o(a) = 770*a + 19226. Calculate o(-25).
-24
Let y(q) = -472042*q - 1888189. What is y(-4)?
-21
Let v(j) = 118*j**3 - 4*j**2 + 10*j - 7. Determine v(1).
117
Let b(a) = -359*a + 668. Determine b(0).
668
Let g(k) = -71*k**2 + 3637*k - 470. Calculate g(51).
346
Let k(x) = 2*x**3 + 66*x**2 + 119*x + 3939. Determine k(-33).
12
Let m(j) = -87*j - 5846. Calculate m(-64).
-278
Let q(v) = 1193*v - 125266. Calculate q(105).
-1
Let n(b) = 2*b**3 - 103*b**2 - 788*b + 22. Determine n(-7).
-195
Let j(q) = 2*q**2 - 896*q + 29672. Calculate j(412).
8
Let v(o) = 8*o**2 - 1058*o - 8569. Determine v(-8).
407
Let r(p) = 1614*p + 11305. Calculate r(-7).
7
Let y(l) = 324*l**2 + 28843*l + 628. Give y(-89).
5
Let j(n) = -36*n**3 + 56*n**2 - 499*n - 553. What is j(-1)?
38
Let r(q) = -q**3 + 36*q**2 + 202*q - 140. Calculate r(42).
-2240
Let q(r) = 442*r - 54174. Give q(125).
1076
Let d(t) = t**3 - 53*t**2 + 317*t + 81. Calculate d(46).
-149
Let f(r) = -10767*r + 64504. Give f(6).
-98
Let f(t) = -6433*t + 231675. Calculate f(36).
87
Let v(u) = -2*u**2 + 2893*u + 14519. Give v(-5).
4
Let t(c) = 287*c - 1393. What is t(5)?
42
Let x(g) = -g**2 - 3671*g + 186082. What is x(50)?
32
Let j(n) = -29125*n - 5883214. What is j(-202)?
36
Let m(z) = 1610*z**3 - 1610*z**2 + 7*z - 9. Give m(1).
-2
Let s(a) = 896*a + 261635. Determine s(-292).
3
Let i(j) = 203*j - 3488. Give i(12).
-1052
Let w(j) = 13*j**2 + 1134*j + 779. Calculate w(-85).
-1686
Let o(z) = 4*z**2 + 113*z - 2101. Determine o(17).
976
Let y(g) = g**3 + 84*g**2 + 292*g - 2321. Give y(-80).
-81
Let k(s) = 1068*s - 33294. Determine k(31).
-186
Let j(n) = n**3 + 18*n**2 - 72*n - 89. Calculate j(-21).
100
Let n(x) = 979*x - 4656. Determine n(5).
239
Let t(j) = -j**2 - 265*j - 11099. Determine t(-110).
5951
Let x(k) = 1603*k + 15771. What is x(-9)?
1344
Let l(s) = -3*s**2 - 14114*s - 98665. Determine l(-7).
-14
Let z(f) = 2*f**2 - 116*f - 123. Determine z(59).
-5
Let w(g) = -76*g**2 + 5988*g - 4696. Calculate w(78).
-16
Let b(d) = -1188*d - 14550. What is b(-9)?
-3858
Let h(i) = 424833*i - 18267832. What is h(43)?
-13
Let l(s) = s**2 + 407*s - 2441. What is l(6)?
37
Let c(m) = -3064*m**2 - 748*m - 747. Give c(-1).
-3063
Let r(y) = -y**2 + 53*y - 1101. Determine r(13).
-581
Let y(l) = 8*l**2 - 2652*l + 20697. Determine y(8).
-7
Let k(r) = r**2 - 19*r - 92. Calculate k(26).
90
Let l(g) = 101*g**3 - 218058*g**2 - 2159*g + 4. Determine l(2159).
4
Let v(x) = -1387*x - 303. Give v(0).
-303
Let r(z) = 5*z**2 - 184*z - 404. Give r(39).
25
Let g(z) = -158*z**2 - 770*z + 57. Determine g(-5).
-43
Let l(a) = 1068*a**3 + 3182*a**2 - 64*a - 5. Determine l(-3).
-11
Let g(p) = -47201*p + 377645. What is g(8)?
37
Let w(f) = f**2 + 1742*f - 10490. Calculate w(6).
-2
Let w(m) = 2*m**3 - 402*m**2 - 12*m + 2664. What is w(201)?
252
Let g(q) = -20*q**3 + q**2 + 7*q - 11. Give g(-2).
139
Let j(k) = 1973*k - 177536. What is j(90)?
34
Let p(l) = 1604*l**2 - 279085*l - 1923. Give p(174).
-9
Let i(q) = -q**3 - 10*q**2 - 6471*q - 58167. What is i(-9)?
-9
Let u(l) = l**2 - 862*l + 48. Calculate u(0).
48
Let b(t) = 38517*t - 192565. Determine b(5).
20
Let a(g) = -207*g - 12305. Give a(-62).
529
Let n(p) = 3*p**2 + 641*p + 16918. Calculate n(-30).
388
Let y(v) = v**3 - 19*v**2 - 30*v + 39. What is y(-8)?
-1449
Let p(m) = -m**3 + 242*m**2 - 474*m - 1431. Determine p(240).
9
Let m(s) = -149043*s - 5812671. Calculate m(-39).
6
Let h(o) = 33*o + 654. Give h(-6).
456
Let g(z) = z**3 + 5*z**2 - 1304*z - 5242. Calculate g(-4).
-10
Let j(f) = 60*f - 3024. Determine j(41).
-564
Let n(g) = 306042*g + 305719. What is n(-1)?
-323
Let d(y) = -y**2 - 42275*y - 591696. Calculate d(-14).
-42
Let k(s) = 64*s**2 + 40*s - 98. Give k(-2).
78
Let l(p) = 6*p**2 + 28152*p + 1502725. Give l(-54).
13
Let j(x) = -3*x**3 + 10*x**2 - 112*x - 126. Give j(6).
-1086
Let f(l) = 5*l**2 + 1166*l + 47183. What is f(-181)?
-58
Let i(f) = -32258*f + 193552. Give i(6).
4
Let q(l) = -23*l - 5270. Determine q(-229).
-3
Let u(q) = -q**3 + 333*q**2 + 1347*q + 357. Calculate u(337).
20
Let d(k) = -1111629*k - 11116316. Give d(-10).
-26
Let r(l) = 58806*l + 2822677. Give r(-48).
-11
Let m(s) = 2*s**2 + 1092*s + 44734. Determine m(-43).
1476
Let n(k) = 1322*k - 6163. Calculate n(4).
-875
Let k(n) = -143207*n - 1145643. Determine k(-8).
13
Let j(q) = -111163*q + 444613. Determine j(4).
-39
Let i(a) = 7*a + 297. Determine i(-18).
171
Let a(t) = 73*t**3 - 295*t**2 - 4*t + 77. Determine a(4).
13
Let z(u) = -45*u**3 - 803*u**2 + 108*u - 40. Give z(-18).
284
Let v(i) = -21*i**2 + 768*i + 1633. Give v(-2).
13
Let k(y) = -7605*y + 129377. Determine k(17).
92
Let p(o) = -3786*o - 18888. What is p(-5)?
42
Let o(k) = -k**2 - 941*k + 14389. What is o(15)?
49
Let u(p) = p**3 - 294*p**2 - 2847*p - 6590. Calculate u(-4).
30
Let s(v) = -2*v**3 + 56*v**2 - 52*v - 3468. Give s(24).
-108
Let s(q) = -220*q + 65827. Calculate s(294).
1147
Let l(r) = -1198070*r - 33545961. Determine l(-28).
-1
Let v(y) = -1399*y + 105190. Give v(75).
265
Let u(l) = 152638*l + 8547730. Give u(-56).
2
Let r(s) = 902*s**2 - 49*s - 11. Calculate r(-1).
940
Let b(v) = -21*v - 8923. Give b(-428).
65
Let v(s) = -271*s - 30993. Determine v(-113).
-370
Let b(g) = 24*g**3 + 3*g**2 - 149*g + 280. Give b(2).
186
Let z(f) = 900*f + 19377. Give z(-27).
-4923
Let o(w) = w**3 + 19*w**2 + 86*w + 97. Calculate o(-15).
-293
Le